+ 46 = 0, -3*m - 2*s = 35. Let o = m + 13. What is the remainder when 7 is divided by o?
1
Let l = -88 - -108. What is the remainder when l is divided by 13?
7
Let q(k) = 7*k**2 + 24*k + 28. Let l = -12 + 27. What is the remainder when l is divided by q(-2)?
7
Let q(a) = -a**3 + a. What is the remainder when 119 is divided by q(-3)?
23
Suppose 1650 = -194*k + 209*k. Calculate the remainder when k is divided by 30.
20
What is the remainder when 26 - (-1 + 2)*-3 is divided by 4?
1
Let t = 55 + -40. Suppose 5*k - 3*x - 130 = 0, -3*x + 0*x - t = 0. What is the remainder when k is divided by (-88)/(-14) + (-6)/21?
5
Let j(p) = p**2 - 7*p + 8. Let w be j(6). Let q = 152 - 136. Suppose -w*a = -t - q - 20, -3*a + 5*t = -61. Calculate the remainder when 33 is divided by a.
16
Let w = 599 - 586. What is the remainder when 96 is divided by w?
5
Suppose 0 = -v - 2*v - 4*p + 157, -3*v = -4*p - 173. Suppose f + 27 = -4*j + 100, 2*f = -4*j + 70. Calculate the remainder when v is divided by j.
17
Let r(o) = -27*o + 800. What is the remainder when 215 is divided by r(28)?
39
Suppose 0 = 3*s - 24 - 33. Suppose 0 = -4*o - 2*t + 282, 5*o + 5*t = 48 + 297. What is the remainder when o is divided by s?
15
Let j be (0/(3/(-3)))/(1*-1). Suppose j = -0*f + 5*f - 115. Let o = 56 + -12. What is the remainder when o is divided by f?
21
Let t be 4 - (-284)/(-6)*3. Let d = t + 153. Calculate the remainder when 208 is divided by d.
13
Let a = 10 - 6. Let f be 19/a - 2/(-8). Let d(i) = -i**2 + 8*i + 5. What is the remainder when d(f) is divided by 11?
9
Let j = 9 - -4. Suppose -6*y + y - 313 = -2*h, -2*y = 10. Suppose 2*q + h = 6*q. Calculate the remainder when q is divided by j.
10
Let u(c) = 5*c + 3. Let h be u(6). Suppose -5*m + 4*q + 1 = -24, 2*m = -3*q + h. What is the remainder when ((-7)/((-280)/(-544)))/((-2)/5) is divided by m?
7
Let t(r) = -r**3 - 5*r**2 + 2*r + 12. Let x(g) = -3*g - 9. Calculate the remainder when x(-5) is divided by t(-5).
0
Let p be 2/5 + (-84)/(-15). Suppose 0 = 10*n - p*n - 8. Suppose -92 = -n*d + 4*i, -i - i = -3*d + 126. Calculate the remainder when d is divided by 21.
19
Let t(o) = 8*o - 1. Let a = -48 + 85. Suppose -5*d - h + 140 = 0, -h - h = d - a. Calculate the remainder when d is divided by t(2).
12
Let d(h) = -h**3 - 6*h**2 + 2*h + 9. Let s be d(-6). Let l be 6/(-1 - (s - -4)). What is the remainder when 11 is divided by (2/l)/(14/(-147))?
4
Suppose 7 = -s - 4*b - 25, 0 = 2*s + 4*b + 44. Let x = 27 + -7. Let a = x + s. Calculate the remainder when 15 is divided by a.
7
Suppose -3*h = -q + 2*q - 20, 5*q + h = 170. Suppose c + 3*p + 9 = -2*c, -4*c + 18 = -2*p. Let d = 14 - c. Calculate the remainder when q is divided by d.
11
Let p(k) = -k**3 + 8*k**2 - 6*k - 5. Let o be p(6). Let y = 55 - o. Let x = 57 - y. What is the remainder when x is divided by 12?
9
Let l(p) = -p**3 - p**2 + p + 39. Let r = 73 + 11. Suppose 5*i = r - 14. Calculate the remainder when l(0) is divided by i.
11
Let y(q) = -q**3 - 4*q**2 + 5. What is the remainder when 151 is divided by y(-6)?
74
What is the remainder when 104 is divided by (-2 + 1)/((-11)/330)?
14
Let w = -85 - -147. Let c be (-11)/11*(2 - 2). Let x(b) = -b + 21. What is the remainder when w is divided by x(c)?
20
Let a be (6 - -1) + -8 + 8. What is the remainder when 41 is divided by (a + -40)*3/(-9)?
8
Let h(m) = 28*m**2 + 9*m - 8. What is the remainder when h(2) is divided by 27?
14
Suppose -2*j - 3*j + 57 = -3*y, 3*y + 21 = j. Calculate the remainder when 87 is divided by j.
6
Suppose -3*m - 5*l + 55 = -0*m, -4*m + 112 = -3*l. What is the remainder when 370 is divided by m?
20
Let w = 66 - 50. Calculate the remainder when 46 is divided by w.
14
Suppose -3*m = -12, 2*d - 212*m = -211*m + 512. Calculate the remainder when 260 is divided by d.
2
Suppose 116 + 280 = 33*m. What is the remainder when 34 is divided by m?
10
Suppose -4*q = -a - 12, 0*a + 3*a = 4*q + 4. Let p = 5 + a. Calculate the remainder when 90 is divided by p.
12
Let j(a) = a**3 + 8*a**2 - 21*a - 5. What is the remainder when 21 is divided by j(-10)?
1
Suppose -2*s = -2*m + 20, -2*s + 5*s = m - 26. Let v = s - -21. What is the remainder when v is divided by 7?
6
Let q(f) = 2*f**2 - 24*f - 44. Calculate the remainder when q(18) is divided by 26.
16
Let v(i) = 4*i - 4*i**3 - i + 5*i**3 + 0*i - 3*i**2. Let a be v(3). What is the remainder when 34 is divided by (a/2)/((-2)/(-4))?
7
Suppose 5*j - 4*j = 13. Suppose -7*v - 32 = -8*v - i, -2*v + 5*i + 92 = 0. What is the remainder when v is divided by j?
10
Let k(o) = 5*o + 35. Let b be k(-11). Let x(a) = a**3 + 19*a**2 - 27*a. Calculate the remainder when x(b) is divided by 47.
46
Suppose 8*u = 3*u + 10. Suppose -5*y + 1572 = 4*l, -y - 306 = -u*y + 2*l. What is the remainder when y is divided by 63?
60
Let g(w) = w + 10. Let q be g(8). Suppose 19*o - 11 = q*o. Let k = o - 0. Calculate the remainder when k is divided by 7.
4
What is the remainder when (-21450)/(-15) - (3 + 1 + 2) is divided by 31?
29
Let c(f) = 4*f**2 - 2*f - 26. Calculate the remainder when 380 is divided by c(-3).
12
Let z = -5 + 6. Let f be ((-33)/3 + z)*-1. Suppose h + f = 3*h. Calculate the remainder when 7 is divided by h.
2
Suppose 0 = -3*s - 2*d + 969, 2*d - 3*d + 966 = 3*s. Suppose 0*a + 5*l = -3*a + s, -3*a + 351 = -5*l. Calculate the remainder when a is divided by 19.
17
Let l = 1 - -4. Suppose 10*z - 85 = l. What is the remainder when 60 is divided by z?
6
Let q(w) = 32 - 16 + 17*w - 19 + 5*w**2. What is the remainder when 25 is divided by q(-4)?
7
Suppose -v - 10 = -3*v, 3*z - 611 = 2*v. Calculate the remainder when z is divided by 8.
7
Suppose -5*r = -13 + 3. Suppose -4*l - 2*l + 288 = 0. What is the remainder when l/26 - -2*1/13 is divided by r?
0
Let r(s) = s - 1. Let l(u) = -2*u + 1. Let p(c) = l(c) - 2*r(c). What is the remainder when 40 is divided by p(-2)?
7
Suppose -5*k - 45 = 4*x, 62*x - k - 25 = 66*x. Let q(m) = -2*m**2 + 3*m + 11 - 2*m**2 + 0*m**3 - m**3. Calculate the remainder when q(x) is divided by 12.
9
Let r be ((-3)/(-9))/(2/6). Let x = r - -10. Let p = -4 + x. Calculate the remainder when p is divided by 3.
1
Let i(y) = 2*y**2 + 10*y - 17. Let v be i(-8). Suppose 8*n - 1 = v. Calculate the remainder when n is divided by 2.
0
Let x(b) = 4*b - 65. What is the remainder when 755 is divided by x(23)?
26
Let a = 2 + -1. Suppose -57 = -5*o + w, -o - 4*w - w + a = 0. Suppose -392 + 2069 = 39*x. Calculate the remainder when x is divided by o.
10
Suppose 3*d = -5*x + 21, -6*x + 3*x = -5*d + 1. Let q(p) = 2*p**3 - 3*p + 6. What is the remainder when 43 is divided by q(d)?
11
Suppose -4*v = -k + 440, -2*k - 4*v + 722 = -122. What is the remainder when k is divided by 24?
20
Let a be (-12 - -24)/((-1)/(-1)). Suppose -3*z + 135 = a*z. What is the remainder when 107 is divided by z?
8
Suppose -4*f - 6420 = -4*k, 4*k + 5*f - 6420 = 2*f. What is the remainder when 80 is divided by k/105 - (-2)/(-7)?
5
Suppose 0 = -2*j + 3*z + 2, 3*z + 23 = -38*j + 43*j. What is the remainder when 8 is divided by j?
1
Let p be ((-126)/(-15))/(6/15). Suppose k - p = -3*s, -4*k + 30 = s + 2*s. Calculate the remainder when 11 is divided by s.
5
Let v(j) = j**3 + j**2 - 4*j + 122. What is the remainder when v(0) is divided by 25?
22
Suppose -2*s = -3*i + 1473, -i + 3*s + 692 = 201. Calculate the remainder when i is divided by 13.
10
Suppose -9*k = -16*k + 28. Suppose 5*f = k*r + 71 - 630, -4*r = -2*f - 574. What is the remainder when r is divided by 37?
35
Suppose -3*p = -6*p + 42. Let z be 9/3 + 3 + -2. Suppose 0*n - 5*u = 3*n - 120, z*n - 4*u = 160. What is the remainder when n is divided by p?
12
Calculate the remainder when 25 is divided by 8 - 11 - (-6)/9*15.
4
Let s = 30 - 16. Let f(p) = -p**3 + 7*p**2 - 2*p - 16. What is the remainder when s is divided by f(6)?
6
Let j(t) = t**3 + 21*t**2 + 26*t + 18. Let g be j(-20). Calculate the remainder when 166/3*1 - (-34)/g is divided by 15.
10
Let l(z) = 3*z**2 - 9*z - 14. What is the remainder when 43 is divided by l(5)?
11
Let l(o) = o**2 - 8*o - 8. Let w be l(8). What is the remainder when 26 is divided by 4/(-1) + ((-3)/(-1) - w)?
5
Let f(b) = 0*b - 6 + 13 - b + b**2. Calculate the remainder when f(5) is divided by (-2 - -5)*6*(-8)/(-18).
3
Suppose f = -138 - 42. Let s = f